{"id":600,"date":"2024-10-01T13:40:34","date_gmt":"2024-10-01T16:40:34","guid":{"rendered":"https:\/\/host86.com.br\/clientes23\/yucari\/?post_type=product&#038;p=600"},"modified":"2024-10-01T15:43:20","modified_gmt":"2024-10-01T18:43:20","slug":"tracksuit-moltisanti","status":"publish","type":"product","link":"https:\/\/host86.com.br\/clientes23\/yucari\/produto\/tracksuit-moltisanti\/","title":{"rendered":"Tracksuit Moltisanti"},"content":{"rendered":"<p>TRACKSUIT MOLTISANTI<\/p>\n<ul>\n<li style=\"font-weight: 400;\">100% Nylon<\/li>\n<li style=\"font-weight: 400;\">Recortes em duas cores<\/li>\n<li style=\"font-weight: 400;\">Modelagem cl\u00e1ssica \/ mais larga<\/li>\n<li style=\"font-weight: 400;\">Forro em tela<\/li>\n<li style=\"font-weight: 400;\">Touca remov\u00edvel \/ usual frente e verso<\/li>\n<li style=\"font-weight: 400;\">Z\u00edper YKK dourado<\/li>\n<li style=\"font-weight: 400;\">Bordado vermelho<\/li>\n<\/ul>\n<p>Tobias tem 1,90m e veste G<\/p>\n<p>OBS: Todos os pedidos ser\u00e3o enviados ap\u00f3s 3 dias \u00fateis da confirma\u00e7\u00e3o de pagamento do cliente.<\/p>\n","protected":false},"excerpt":{"rendered":"<p>TRACKSUIT MOLTISANTI 100% Nylon Recortes em duas cores Modelagem cl\u00e1ssica \/ mais larga Forro em tela Touca remov\u00edvel \/ usual frente e verso Z\u00edper YKK dourado Bordado vermelho Tobias tem 1,90m e veste G OBS: Todos os pedidos ser\u00e3o enviados ap\u00f3s 3 dias \u00fateis da confirma\u00e7\u00e3o de pagamento do cliente.<\/p>\n","protected":false},"featured_media":619,"comment_status":"open","ping_status":"closed","template":"","meta":{"inline_featured_image":false},"product_cat":[15],"product_tag":[],"class_list":["post-600","product","type-product","status-publish","has-post-thumbnail","hentry","product_cat-produtos"],"acf":[],"_links":{"self":[{"href":"https:\/\/host86.com.br\/clientes23\/yucari\/wp-json\/wp\/v2\/product\/600","targetHints":{"allow":["GET"]}}],"collection":[{"href":"https:\/\/host86.com.br\/clientes23\/yucari\/wp-json\/wp\/v2\/product"}],"about":[{"href":"https:\/\/host86.com.br\/clientes23\/yucari\/wp-json\/wp\/v2\/types\/product"}],"replies":[{"embeddable":true,"href":"https:\/\/host86.com.br\/clientes23\/yucari\/wp-json\/wp\/v2\/comments?post=600"}],"wp:featuredmedia":[{"embeddable":true,"href":"https:\/\/host86.com.br\/clientes23\/yucari\/wp-json\/wp\/v2\/media\/619"}],"wp:attachment":[{"href":"https:\/\/host86.com.br\/clientes23\/yucari\/wp-json\/wp\/v2\/media?parent=600"}],"wp:term":[{"taxonomy":"product_cat","embeddable":true,"href":"https:\/\/host86.com.br\/clientes23\/yucari\/wp-json\/wp\/v2\/product_cat?post=600"},{"taxonomy":"product_tag","embeddable":true,"href":"https:\/\/host86.com.br\/clientes23\/yucari\/wp-json\/wp\/v2\/product_tag?post=600"}],"curies":[{"name":"wp","href":"https:\/\/api.w.org\/{rel}","templated":true}]}}