{"id":417,"date":"2023-12-05T00:52:58","date_gmt":"2023-12-05T03:52:58","guid":{"rendered":"https:\/\/host86.com.br\/clientes23\/yucari\/?post_type=product&#038;p=417"},"modified":"2024-09-25T21:58:08","modified_gmt":"2024-09-26T00:58:08","slug":"football-jersey","status":"publish","type":"product","link":"https:\/\/host86.com.br\/clientes23\/yucari\/produto\/football-jersey\/","title":{"rendered":"Football Jersey"},"content":{"rendered":"<p>Polo Jersey em tecido esportivo 100% Poli\u00e9ster<br \/>\nPe\u00e7a inspirada no futebol de varzea e uniforme do time de Cannnes na Fran\u00e7a<br \/>\nPatchs Classics bordados<br \/>\nEstampa frontal em silk<br \/>\nGolas e punhos canelados<\/p>\n<p>Renan mede 1,83 e veste M<\/p>\n<p>&#8212;<\/p>\n<p>MEDIDAS:<br \/>\nP: 73cm COMPRIMENTO \/ 55cm LARGURA<br \/>\nM: 75cm COMPRIMENTO \/ 57cm LARGURA<br \/>\nG: 77cm COMPRIMENTO \/ 59cm LARGURA<br \/>\nGG: 79cm COMPRIMENTO \/ 61cm LARGURA<\/p>\n","protected":false},"excerpt":{"rendered":"<p>Polo Jersey em tecido esportivo 100% Poli\u00e9ster Pe\u00e7a inspirada no futebol de varzea e uniforme do time de Cannnes na Fran\u00e7a Patchs Classics bordados Estampa frontal em silk Golas e punhos canelados Renan mede 1,83 e veste M &#8212; MEDIDAS: P: 73cm COMPRIMENTO \/ 55cm LARGURA M: 75cm COMPRIMENTO \/ 57cm LARGURA G: 77cm COMPRIMENTO [&hellip;]<\/p>\n","protected":false},"featured_media":399,"comment_status":"open","ping_status":"closed","template":"","meta":{"inline_featured_image":false},"product_cat":[15],"product_tag":[],"class_list":["post-417","product","type-product","status-publish","has-post-thumbnail","hentry","product_cat-produtos"],"acf":[],"_links":{"self":[{"href":"https:\/\/host86.com.br\/clientes23\/yucari\/wp-json\/wp\/v2\/product\/417","targetHints":{"allow":["GET"]}}],"collection":[{"href":"https:\/\/host86.com.br\/clientes23\/yucari\/wp-json\/wp\/v2\/product"}],"about":[{"href":"https:\/\/host86.com.br\/clientes23\/yucari\/wp-json\/wp\/v2\/types\/product"}],"replies":[{"embeddable":true,"href":"https:\/\/host86.com.br\/clientes23\/yucari\/wp-json\/wp\/v2\/comments?post=417"}],"wp:featuredmedia":[{"embeddable":true,"href":"https:\/\/host86.com.br\/clientes23\/yucari\/wp-json\/wp\/v2\/media\/399"}],"wp:attachment":[{"href":"https:\/\/host86.com.br\/clientes23\/yucari\/wp-json\/wp\/v2\/media?parent=417"}],"wp:term":[{"taxonomy":"product_cat","embeddable":true,"href":"https:\/\/host86.com.br\/clientes23\/yucari\/wp-json\/wp\/v2\/product_cat?post=417"},{"taxonomy":"product_tag","embeddable":true,"href":"https:\/\/host86.com.br\/clientes23\/yucari\/wp-json\/wp\/v2\/product_tag?post=417"}],"curies":[{"name":"wp","href":"https:\/\/api.w.org\/{rel}","templated":true}]}}