{"id":272,"date":"2023-06-26T09:40:38","date_gmt":"2023-10-05T10:42:01","guid":{"rendered":"https:\/\/yucari.local\/?post_type=product&#038;p=272"},"modified":"2023-12-09T20:22:25","modified_gmt":"2023-12-09T23:22:25","slug":"cardigan-ibirapitanga","status":"publish","type":"product","link":"https:\/\/host86.com.br\/clientes23\/yucari\/produto\/cardigan-ibirapitanga\/","title":{"rendered":"CARDIGAN IBIRAPITANGA"},"content":{"rendered":"<p>Cor: VERMELHO<br \/>\nBot\u00f5es reutilizados que foram descartamos pela ind\u00fastria ( cada pe\u00e7a pode ter uma varia\u00e7\u00e3o de bot\u00e3o na cor preta reutilizado)<br \/>\n100% poli\u00e9ster<br \/>\nTecido peluciado com textura de L\u00e3.<br \/>\nModelagem cl\u00e1ssica<br \/>\nJo\u00e3o mede 1,87m e veste M<\/p>\n","protected":false},"excerpt":{"rendered":"<p>Cor: VERMELHO Bot\u00f5es reutilizados que foram descartamos pela ind\u00fastria ( cada pe\u00e7a pode ter uma varia\u00e7\u00e3o de bot\u00e3o na cor preta reutilizado) 100% poli\u00e9ster Tecido peluciado com textura de L\u00e3. Modelagem cl\u00e1ssica Jo\u00e3o mede 1,87m e veste M<\/p>\n","protected":false},"featured_media":308,"comment_status":"open","ping_status":"closed","template":"","meta":{"inline_featured_image":false},"product_cat":[15],"product_tag":[],"class_list":["post-272","product","type-product","status-publish","has-post-thumbnail","hentry","product_cat-produtos"],"acf":[],"_links":{"self":[{"href":"https:\/\/host86.com.br\/clientes23\/yucari\/wp-json\/wp\/v2\/product\/272","targetHints":{"allow":["GET"]}}],"collection":[{"href":"https:\/\/host86.com.br\/clientes23\/yucari\/wp-json\/wp\/v2\/product"}],"about":[{"href":"https:\/\/host86.com.br\/clientes23\/yucari\/wp-json\/wp\/v2\/types\/product"}],"replies":[{"embeddable":true,"href":"https:\/\/host86.com.br\/clientes23\/yucari\/wp-json\/wp\/v2\/comments?post=272"}],"wp:featuredmedia":[{"embeddable":true,"href":"https:\/\/host86.com.br\/clientes23\/yucari\/wp-json\/wp\/v2\/media\/308"}],"wp:attachment":[{"href":"https:\/\/host86.com.br\/clientes23\/yucari\/wp-json\/wp\/v2\/media?parent=272"}],"wp:term":[{"taxonomy":"product_cat","embeddable":true,"href":"https:\/\/host86.com.br\/clientes23\/yucari\/wp-json\/wp\/v2\/product_cat?post=272"},{"taxonomy":"product_tag","embeddable":true,"href":"https:\/\/host86.com.br\/clientes23\/yucari\/wp-json\/wp\/v2\/product_tag?post=272"}],"curies":[{"name":"wp","href":"https:\/\/api.w.org\/{rel}","templated":true}]}}