{"id":140,"date":"2023-02-04T11:02:16","date_gmt":"2023-10-01T15:28:37","guid":{"rendered":"https:\/\/yucari.local\/?post_type=product&#038;p=140"},"modified":"2023-12-07T15:18:13","modified_gmt":"2023-12-07T18:18:13","slug":"yucari-topcoat","status":"publish","type":"product","link":"https:\/\/host86.com.br\/clientes23\/yucari\/produto\/yucari-topcoat\/","title":{"rendered":"Yucari Topcoat"},"content":{"rendered":"<p>Cor: BEGE<br \/>\nL\u00e3 batida<br \/>\nModelagem cl\u00e1ssica<br \/>\nBolsos laterais<br \/>\nDois bot\u00f5es para fechamento<br \/>\nJo\u00e3o mede 1,87m e veste M<\/p>\n","protected":false},"excerpt":{"rendered":"<p>Cor: BEGE L\u00e3 batida Modelagem cl\u00e1ssica Bolsos laterais Dois bot\u00f5es para fechamento Jo\u00e3o mede 1,87m e veste M<\/p>\n","protected":false},"featured_media":357,"comment_status":"open","ping_status":"closed","template":"","meta":{"inline_featured_image":false},"product_cat":[15],"product_tag":[],"class_list":["post-140","product","type-product","status-publish","has-post-thumbnail","hentry","product_cat-produtos"],"acf":[],"_links":{"self":[{"href":"https:\/\/host86.com.br\/clientes23\/yucari\/wp-json\/wp\/v2\/product\/140","targetHints":{"allow":["GET"]}}],"collection":[{"href":"https:\/\/host86.com.br\/clientes23\/yucari\/wp-json\/wp\/v2\/product"}],"about":[{"href":"https:\/\/host86.com.br\/clientes23\/yucari\/wp-json\/wp\/v2\/types\/product"}],"replies":[{"embeddable":true,"href":"https:\/\/host86.com.br\/clientes23\/yucari\/wp-json\/wp\/v2\/comments?post=140"}],"wp:featuredmedia":[{"embeddable":true,"href":"https:\/\/host86.com.br\/clientes23\/yucari\/wp-json\/wp\/v2\/media\/357"}],"wp:attachment":[{"href":"https:\/\/host86.com.br\/clientes23\/yucari\/wp-json\/wp\/v2\/media?parent=140"}],"wp:term":[{"taxonomy":"product_cat","embeddable":true,"href":"https:\/\/host86.com.br\/clientes23\/yucari\/wp-json\/wp\/v2\/product_cat?post=140"},{"taxonomy":"product_tag","embeddable":true,"href":"https:\/\/host86.com.br\/clientes23\/yucari\/wp-json\/wp\/v2\/product_tag?post=140"}],"curies":[{"name":"wp","href":"https:\/\/api.w.org\/{rel}","templated":true}]}}