{"id":135,"date":"2023-06-08T06:47:09","date_gmt":"2023-10-01T15:28:14","guid":{"rendered":"https:\/\/yucari.local\/?post_type=product&#038;p=135"},"modified":"2023-12-07T15:16:13","modified_gmt":"2023-12-07T18:16:13","slug":"orfeu-shirt","status":"publish","type":"product","link":"https:\/\/host86.com.br\/clientes23\/yucari\/produto\/orfeu-shirt\/","title":{"rendered":"Orfeu Shirt"},"content":{"rendered":"<p>100% algod\u00e3o<br \/>\nModelagem cl\u00e1ssica<br \/>\nGola cubana<br \/>\nTratamento de tecido especial e texturizado<br \/>\nFeito com inspira\u00e7\u00e3o em \u201cOrfeu de Conceicao\u201d de Vinicius de moraes.<br \/>\nBordado Bossa<br \/>\nJo\u00e3o mede 1,87m e veste M <\/p>\n","protected":false},"excerpt":{"rendered":"<p>100% algod\u00e3o Modelagem cl\u00e1ssica Gola cubana Tratamento de tecido especial e texturizado Feito com inspira\u00e7\u00e3o em \u201cOrfeu de Conceicao\u201d de Vinicius de moraes. Bordado Bossa Jo\u00e3o mede 1,87m e veste M<\/p>\n","protected":false},"featured_media":323,"comment_status":"open","ping_status":"closed","template":"","meta":{"inline_featured_image":false},"product_cat":[15],"product_tag":[],"class_list":["post-135","product","type-product","status-publish","has-post-thumbnail","hentry","product_cat-produtos"],"acf":[],"_links":{"self":[{"href":"https:\/\/host86.com.br\/clientes23\/yucari\/wp-json\/wp\/v2\/product\/135","targetHints":{"allow":["GET"]}}],"collection":[{"href":"https:\/\/host86.com.br\/clientes23\/yucari\/wp-json\/wp\/v2\/product"}],"about":[{"href":"https:\/\/host86.com.br\/clientes23\/yucari\/wp-json\/wp\/v2\/types\/product"}],"replies":[{"embeddable":true,"href":"https:\/\/host86.com.br\/clientes23\/yucari\/wp-json\/wp\/v2\/comments?post=135"}],"wp:featuredmedia":[{"embeddable":true,"href":"https:\/\/host86.com.br\/clientes23\/yucari\/wp-json\/wp\/v2\/media\/323"}],"wp:attachment":[{"href":"https:\/\/host86.com.br\/clientes23\/yucari\/wp-json\/wp\/v2\/media?parent=135"}],"wp:term":[{"taxonomy":"product_cat","embeddable":true,"href":"https:\/\/host86.com.br\/clientes23\/yucari\/wp-json\/wp\/v2\/product_cat?post=135"},{"taxonomy":"product_tag","embeddable":true,"href":"https:\/\/host86.com.br\/clientes23\/yucari\/wp-json\/wp\/v2\/product_tag?post=135"}],"curies":[{"name":"wp","href":"https:\/\/api.w.org\/{rel}","templated":true}]}}