{"id":130,"date":"2023-03-30T20:26:17","date_gmt":"2023-10-01T15:27:58","guid":{"rendered":"https:\/\/yucari.local\/?post_type=product&#038;p=130"},"modified":"2023-12-07T15:17:57","modified_gmt":"2023-12-07T18:17:57","slug":"azulejo-jacket","status":"publish","type":"product","link":"https:\/\/host86.com.br\/clientes23\/yucari\/produto\/azulejo-jacket\/","title":{"rendered":"Azulejo Jacket"},"content":{"rendered":"<p>100% algod\u00e3o<br \/>\nTecido com estampa em azulejo<br \/>\nBolsos frontais<br \/>\nBot\u00f5es em madeira reutilizado que foram descartados pela ind\u00fastria (cada pe\u00e7a pode apresentar um tipo de bot\u00e3o em madeira reutilizado)<br \/>\nModelagem cl\u00e1ssica \/ Worker<br \/>\nJo\u00e3o mede 1,87m e veste M <\/p>\n","protected":false},"excerpt":{"rendered":"<p>100% algod\u00e3o Tecido com estampa em azulejo Bolsos frontais Bot\u00f5es em madeira reutilizado que foram descartados pela ind\u00fastria (cada pe\u00e7a pode apresentar um tipo de bot\u00e3o em madeira reutilizado) Modelagem cl\u00e1ssica \/ Worker Jo\u00e3o mede 1,87m e veste M<\/p>\n","protected":false},"featured_media":345,"comment_status":"open","ping_status":"closed","template":"","meta":{"inline_featured_image":false},"product_cat":[15],"product_tag":[],"class_list":["post-130","product","type-product","status-publish","has-post-thumbnail","hentry","product_cat-produtos"],"acf":[],"_links":{"self":[{"href":"https:\/\/host86.com.br\/clientes23\/yucari\/wp-json\/wp\/v2\/product\/130","targetHints":{"allow":["GET"]}}],"collection":[{"href":"https:\/\/host86.com.br\/clientes23\/yucari\/wp-json\/wp\/v2\/product"}],"about":[{"href":"https:\/\/host86.com.br\/clientes23\/yucari\/wp-json\/wp\/v2\/types\/product"}],"replies":[{"embeddable":true,"href":"https:\/\/host86.com.br\/clientes23\/yucari\/wp-json\/wp\/v2\/comments?post=130"}],"wp:featuredmedia":[{"embeddable":true,"href":"https:\/\/host86.com.br\/clientes23\/yucari\/wp-json\/wp\/v2\/media\/345"}],"wp:attachment":[{"href":"https:\/\/host86.com.br\/clientes23\/yucari\/wp-json\/wp\/v2\/media?parent=130"}],"wp:term":[{"taxonomy":"product_cat","embeddable":true,"href":"https:\/\/host86.com.br\/clientes23\/yucari\/wp-json\/wp\/v2\/product_cat?post=130"},{"taxonomy":"product_tag","embeddable":true,"href":"https:\/\/host86.com.br\/clientes23\/yucari\/wp-json\/wp\/v2\/product_tag?post=130"}],"curies":[{"name":"wp","href":"https:\/\/api.w.org\/{rel}","templated":true}]}}