{"id":18,"date":"2023-04-16T20:14:23","date_gmt":"2023-04-16T23:14:23","guid":{"rendered":"https:\/\/host86.com.br\/clientes23\/ppa\/?page_id=18"},"modified":"2023-04-17T17:20:33","modified_gmt":"2023-04-17T20:20:33","slug":"avaliacao-de-risco-a-saude-humana","status":"publish","type":"page","link":"https:\/\/host86.com.br\/clientes23\/ppa\/avaliacao-de-risco-a-saude-humana\/","title":{"rendered":"Avaliacao de risco a saude humana"},"content":{"rendered":"<p>O RBCA \u00e9 uma metodologia existente de avalia\u00e7\u00e3o de risco a sa\u00fade humana em \u00e1reas contaminadas que segue, em geral, a desenvolvida pela Ag\u00eancia de Prote\u00e7\u00e3o Ambiental Americana, a \u201cUnited States Environmental Protection Agency \u2013 USEPA, em 1989.<\/p>\n<p>O objetivo principal da etapa de avalia\u00e7\u00e3o de risco \u00e9 a identifica\u00e7\u00e3o e quantifica\u00e7\u00e3o dos riscos a sa\u00fade humana, decorrentes de uma \u00e1rea contaminada, uma vez que a sa\u00fade humana e a seguran\u00e7a da popula\u00e7\u00e3o devem ser priorizadas, dentre os bens a proteger, expostos na avalia\u00e7\u00e3o de risco.<\/p>\n<p><a href=\"https:\/\/host86.com.br\/clientes23\/ppa\/?page_id=20\">CONHE\u00c7A TAMB\u00c9M:<br \/>\nEstudo Hidrogeol\u00f3gico<\/a><\/p>\n","protected":false},"excerpt":{"rendered":"<p>O RBCA \u00e9 uma metodologia existente de avalia\u00e7\u00e3o de risco a sa\u00fade humana em \u00e1reas contaminadas que segue, em geral, a desenvolvida pela Ag\u00eancia de Prote\u00e7\u00e3o Ambiental Americana, a \u201cUnited States Environmental Protection Agency \u2013 USEPA, em 1989. O objetivo principal da etapa de avalia\u00e7\u00e3o de risco \u00e9 a identifica\u00e7\u00e3o e quantifica\u00e7\u00e3o dos riscos a [&hellip;]<\/p>\n","protected":false},"author":1,"featured_media":0,"parent":0,"menu_order":0,"comment_status":"closed","ping_status":"closed","template":"","meta":{"footnotes":""},"class_list":["post-18","page","type-page","status-publish","hentry"],"acf":[],"_links":{"self":[{"href":"https:\/\/host86.com.br\/clientes23\/ppa\/wp-json\/wp\/v2\/pages\/18","targetHints":{"allow":["GET"]}}],"collection":[{"href":"https:\/\/host86.com.br\/clientes23\/ppa\/wp-json\/wp\/v2\/pages"}],"about":[{"href":"https:\/\/host86.com.br\/clientes23\/ppa\/wp-json\/wp\/v2\/types\/page"}],"author":[{"embeddable":true,"href":"https:\/\/host86.com.br\/clientes23\/ppa\/wp-json\/wp\/v2\/users\/1"}],"replies":[{"embeddable":true,"href":"https:\/\/host86.com.br\/clientes23\/ppa\/wp-json\/wp\/v2\/comments?post=18"}],"version-history":[{"count":3,"href":"https:\/\/host86.com.br\/clientes23\/ppa\/wp-json\/wp\/v2\/pages\/18\/revisions"}],"predecessor-version":[{"id":47,"href":"https:\/\/host86.com.br\/clientes23\/ppa\/wp-json\/wp\/v2\/pages\/18\/revisions\/47"}],"wp:attachment":[{"href":"https:\/\/host86.com.br\/clientes23\/ppa\/wp-json\/wp\/v2\/media?parent=18"}],"curies":[{"name":"wp","href":"https:\/\/api.w.org\/{rel}","templated":true}]}}