{"id":1451,"date":"2020-03-27T15:59:29","date_gmt":"2020-03-27T18:59:29","guid":{"rendered":"http:\/\/localhost\/kingo\/produto\/faixa-refletiva-para-ciclistarh25\/"},"modified":"2020-03-27T15:59:37","modified_gmt":"2020-03-27T18:59:37","slug":"faixa-refletiva-para-ciclistarh25","status":"publish","type":"product","link":"https:\/\/host86.com.br\/clientes20\/kingo\/produto\/faixa-refletiva-para-ciclistarh25\/","title":{"rendered":"Faixa Refletiva para Ciclista(RH25)"},"content":{"rendered":"<p>Materiais: 1,5cx de material refletivo + 5cm de faixa el\u00e1stica refletiva; Caracter\u00edsticas: Projetado para seguran\u00e7a de ciclistas e para pr\u00e1tica de esportes.<\/p>\n","protected":false},"excerpt":{"rendered":"<p>Materiais: 1,5cx de material refletivo + 5cm de faixa el\u00e1stica refletiva; Caracter\u00edsticas: Projetado para seguran\u00e7a&#8230;<\/p>\n","protected":false},"featured_media":0,"comment_status":"closed","ping_status":"open","template":"","meta":{"_acf_changed":false},"class_list":["post-1451","product","type-product","status-publish","hentry","product_cat-variedades","pa_cores-fluorescente"],"acf":[],"_links":{"self":[{"href":"https:\/\/host86.com.br\/clientes20\/kingo\/wp-json\/wp\/v2\/product\/1451","targetHints":{"allow":["GET"]}}],"collection":[{"href":"https:\/\/host86.com.br\/clientes20\/kingo\/wp-json\/wp\/v2\/product"}],"about":[{"href":"https:\/\/host86.com.br\/clientes20\/kingo\/wp-json\/wp\/v2\/types\/product"}],"replies":[{"embeddable":true,"href":"https:\/\/host86.com.br\/clientes20\/kingo\/wp-json\/wp\/v2\/comments?post=1451"}],"wp:attachment":[{"href":"https:\/\/host86.com.br\/clientes20\/kingo\/wp-json\/wp\/v2\/media?parent=1451"}],"curies":[{"name":"wp","href":"https:\/\/api.w.org\/{rel}","templated":true}]}}

<p>Materiais: 1,5cx de material refletivo + 5cm de faixa elástica refletiva; Características: Projetado para segurança de ciclistas e para prática de esportes.</p>

<p>Materiais: 1,5cx de material refletivo + 5cm de faixa elástica refletiva; Características: Projetado para segurança&#8230;</p>
