{"id":1440,"date":"2020-03-27T15:59:29","date_gmt":"2020-03-27T18:59:29","guid":{"rendered":"http:\/\/localhost\/kingo\/produto\/power-bank-5-000mah-2usbl1\/"},"modified":"2020-04-01T13:03:06","modified_gmt":"2020-04-01T16:03:06","slug":"power-bank-5-000mah-2usbl1","status":"publish","type":"product","link":"https:\/\/host86.com.br\/clientes20\/kingo\/produto\/power-bank-5-000mah-2usbl1\/","title":{"rendered":"Power Bank 5.000mAh 2USB(L1)"},"content":{"rendered":"<p>Especifica\u00e7\u00f5es do Produto: Indicador LCD; Capacidade da bateria: 5000mAh; Entrada: 5V &#8211; 2A; Sa\u00edda Usb: 5V &#8211; 2.1A; Sa\u00edda Total (MAX): 5v &#8211; 2.1A; Dimens\u00f5es: 124.5&#215;69.5&#215;13.5mm; Peso: 144g; Caracter\u00edsticas do Produto: Sistema interno com prote\u00e7\u00e3o inteligente para evitar sobrecarga e curto circuito; 2 sa\u00eddas USB at\u00e9 2.1A; N\u00facleo de pol\u00edmeros com alta capacidade e de longa dura\u00e7\u00e3o.<\/p>\n","protected":false},"excerpt":{"rendered":"<p>Especifica\u00e7\u00f5es do Produto: Indicador LCD; Capacidade da bateria: 5000mAh; Entrada: 5V &#8211; 2A; Sa\u00edda Usb:&#8230;<\/p>\n","protected":false},"featured_media":1914,"comment_status":"closed","ping_status":"closed","template":"","meta":{"_acf_changed":false},"class_list":["post-1440","product","type-product","status-publish","has-post-thumbnail","hentry","product_cat-carregadores","pa_cores-branco"],"acf":[],"_links":{"self":[{"href":"https:\/\/host86.com.br\/clientes20\/kingo\/wp-json\/wp\/v2\/product\/1440","targetHints":{"allow":["GET"]}}],"collection":[{"href":"https:\/\/host86.com.br\/clientes20\/kingo\/wp-json\/wp\/v2\/product"}],"about":[{"href":"https:\/\/host86.com.br\/clientes20\/kingo\/wp-json\/wp\/v2\/types\/product"}],"replies":[{"embeddable":true,"href":"https:\/\/host86.com.br\/clientes20\/kingo\/wp-json\/wp\/v2\/comments?post=1440"}],"wp:featuredmedia":[{"embeddable":true,"href":"https:\/\/host86.com.br\/clientes20\/kingo\/wp-json\/wp\/v2\/media\/1914"}],"wp:attachment":[{"href":"https:\/\/host86.com.br\/clientes20\/kingo\/wp-json\/wp\/v2\/media?parent=1440"}],"curies":[{"name":"wp","href":"https:\/\/api.w.org\/{rel}","templated":true}]}}