{"id":1409,"date":"2020-03-27T15:59:10","date_gmt":"2020-03-27T18:59:10","guid":{"rendered":"http:\/\/localhost\/kingo\/produto\/kit-com-3-pincas-anti-estatica-jm-t11\/"},"modified":"2020-04-01T13:01:55","modified_gmt":"2020-04-01T16:01:55","slug":"kit-com-3-pincas-anti-estatica-jm-t11","status":"publish","type":"product","link":"https:\/\/host86.com.br\/clientes20\/kingo\/produto\/kit-com-3-pincas-anti-estatica-jm-t11\/","title":{"rendered":"Kit com 3 Pin\u00e7as Anti Est\u00e1tica (JM-T11)"},"content":{"rendered":"<p>Descri\u00e7\u00e3o: Kit 3 pin\u00e7as Fibra de Carbono Nylon; Descri\u00e7\u00e3o do produto: Kit de 3 Pin\u00e7as Especiais ESD 3 in 1 | JM-T11-11\/12\/13 | Jakemy; Especifica\u00e7\u00f5es: N\u00famero do produto: JM-T11; Categoria de produto: JAKEMY; Produto de magn\u00e9tico: n\u00e3o h\u00e1 magn\u00e9tico; Material do produto: a\u00e7o cromo van\u00e1dio (CR-V); 1FE00149<\/p>\n","protected":false},"excerpt":{"rendered":"<p>Descri\u00e7\u00e3o: Kit 3 pin\u00e7as Fibra de Carbono Nylon; Descri\u00e7\u00e3o do produto: Kit de 3 Pin\u00e7as&#8230;<\/p>\n","protected":false},"featured_media":1911,"comment_status":"closed","ping_status":"closed","template":"","meta":{"_acf_changed":false},"class_list":["post-1409","product","type-product","status-publish","has-post-thumbnail","hentry","product_cat-ferramentas","pa_cores-preto"],"acf":[],"_links":{"self":[{"href":"https:\/\/host86.com.br\/clientes20\/kingo\/wp-json\/wp\/v2\/product\/1409","targetHints":{"allow":["GET"]}}],"collection":[{"href":"https:\/\/host86.com.br\/clientes20\/kingo\/wp-json\/wp\/v2\/product"}],"about":[{"href":"https:\/\/host86.com.br\/clientes20\/kingo\/wp-json\/wp\/v2\/types\/product"}],"replies":[{"embeddable":true,"href":"https:\/\/host86.com.br\/clientes20\/kingo\/wp-json\/wp\/v2\/comments?post=1409"}],"wp:featuredmedia":[{"embeddable":true,"href":"https:\/\/host86.com.br\/clientes20\/kingo\/wp-json\/wp\/v2\/media\/1911"}],"wp:attachment":[{"href":"https:\/\/host86.com.br\/clientes20\/kingo\/wp-json\/wp\/v2\/media?parent=1409"}],"curies":[{"name":"wp","href":"https:\/\/api.w.org\/{rel}","templated":true}]}}