{"id":1408,"date":"2020-03-27T15:59:10","date_gmt":"2020-03-27T18:59:10","guid":{"rendered":"http:\/\/localhost\/kingo\/produto\/espatula-de-desmontagem-flexivel-jm-op12\/"},"modified":"2020-03-31T15:22:18","modified_gmt":"2020-03-31T18:22:18","slug":"espatula-de-desmontagem-flexivel-jm-op12","status":"publish","type":"product","link":"https:\/\/host86.com.br\/clientes20\/kingo\/produto\/espatula-de-desmontagem-flexivel-jm-op12\/","title":{"rendered":"Esp\u00e1tula de Desmontagem Flex\u00edvel (JM-OP12)"},"content":{"rendered":"<p>Caracter\u00edsticas principais: JAKEMY JM &#8211; OP12, Ferramenta de Abertura Flex\u00edvel, Dupla fun\u00e7\u00e3o e Pr\u00e1tica. Feita de l\u00e2mina de a\u00e7o inoxid\u00e1vel, dupla fun\u00e7\u00e3o, flex\u00edvel e cabo de borracha anti-derrapante. Forjamento de a\u00e7o inoxid\u00e1vel de alta resist\u00eancia, dur\u00e1vel, resist\u00eancia \u00e0 corros\u00e3o e nunca enferruja. Com tampas para proteger as l\u00e2minas. Ferramenta profissional para substitui\u00e7\u00e3o de baterias, touch screen, LCD, tampa, disco etc. Adequado para abertura de laptops, telefones celulares, computadores tablets e outros dispositivos; Especifica\u00e7\u00f5es do fabricante: Marca; JAKEMY &#8211; Modelo: JAKEMY JM &#8211; OP12 &#8211; Material: A\u00e7o inoxid\u00e1vel e Borracha &#8211; Tipo: Ferramentas de m\u00e3o profissional &#8211; Caracter\u00edsticas especiais: Flex\u00edvel e dur\u00e1vel &#8211; Fun\u00e7\u00e3o: Ferramenta de abertura flex\u00edvel dupla fun\u00e7\u00e3o; Dimens\u00f5es: Peso do Produto: 0,032 kg &#8211; Peso do pacote: 0,080 kg &#8211; Tamanho do produto: (L x W H x) 15.00 x 3.00 x 0.50 cm \/ 5,91 x 1,18 x 0,2 polegadas &#8211; Tamanho da embalagem: (L x W H x) 18.00 x 5.00 x 2.00 cm \/ 7,09 x 1,97 x 0,79 polegadas.<\/p>\n","protected":false},"excerpt":{"rendered":"<p>Caracter\u00edsticas principais: JAKEMY JM &#8211; OP12, Ferramenta de Abertura Flex\u00edvel, Dupla fun\u00e7\u00e3o e Pr\u00e1tica. Feita&#8230;<\/p>\n","protected":false},"featured_media":0,"comment_status":"closed","ping_status":"closed","template":"","meta":{"_acf_changed":false},"class_list":["post-1408","product","type-product","status-publish","hentry","product_cat-ferramentas","pa_cores-laranja","pa_cores-prata","pa_cores-preto"],"acf":[],"_links":{"self":[{"href":"https:\/\/host86.com.br\/clientes20\/kingo\/wp-json\/wp\/v2\/product\/1408","targetHints":{"allow":["GET"]}}],"collection":[{"href":"https:\/\/host86.com.br\/clientes20\/kingo\/wp-json\/wp\/v2\/product"}],"about":[{"href":"https:\/\/host86.com.br\/clientes20\/kingo\/wp-json\/wp\/v2\/types\/product"}],"replies":[{"embeddable":true,"href":"https:\/\/host86.com.br\/clientes20\/kingo\/wp-json\/wp\/v2\/comments?post=1408"}],"wp:attachment":[{"href":"https:\/\/host86.com.br\/clientes20\/kingo\/wp-json\/wp\/v2\/media?parent=1408"}],"curies":[{"name":"wp","href":"https:\/\/api.w.org\/{rel}","templated":true}]}}