{"id":1405,"date":"2020-03-27T15:59:10","date_gmt":"2020-03-27T18:59:10","guid":{"rendered":"http:\/\/localhost\/kingo\/produto\/jogo-de-ferramentas-61-em-1-jm-8166\/"},"modified":"2020-04-01T12:59:05","modified_gmt":"2020-04-01T15:59:05","slug":"jogo-de-ferramentas-61-em-1-jm-8166","status":"publish","type":"product","link":"https:\/\/host86.com.br\/clientes20\/kingo\/produto\/jogo-de-ferramentas-61-em-1-jm-8166\/","title":{"rendered":"Jogo de Ferramentas 61 em 1 (JM-8166)"},"content":{"rendered":"<p>Descri\u00e7\u00e3o: 61 em 1 conjunto de ferramentas chave de fenda, um kit de ferramentas de manuten\u00e7\u00e3o profissional de precis\u00e3o. Incluindo uma barra de extens\u00e3o, uma haste de classifica\u00e7\u00e3o e um adaptador hexagonal, bem como uma chave para fenda de especifica\u00e7\u00f5es diferentes para atender \u00e0s suas diferentes necessidades de manuten\u00e7\u00e3o. Adotado alta dureza S2 \/ material CRV, atrav\u00e9s de processo de tratamento t\u00e9rmico especial, a dureza das chaves de fenda pode chegar a 60HRC, pr\u00e1tico e confi\u00e1vel. Principal Caracter\u00edsticas : &#8211; Super 61 em 1 chave de fenda, ferramenta de manuten\u00e7\u00e3o profissional, atende \u00e0s suas diferentes necessidades de manuten\u00e7\u00e3o- As chaves de fenda s\u00e3o feitas de alta dureza CRV \/ S2 material, 60HRC dureza, pr\u00e1tico e confi\u00e1vel- Comumente usado em trabalhos de precis\u00e3o que \u00e9 atendido dispositivos eletr\u00f4nicos incluindo laptops, \u00f3culos, consoles jogos, c\u00e2mera, adequado para iPhone 8, iPhone X , etc. &#8211; Bolso -sized: design leve e compacto. Port\u00e1til e f\u00e1cil para transportar chave de fenda accessories.57 Min\u00fasculo Bits em O Seguinte Tamanhos : Porca driver (socket) size: M2.5 \/ M3.0 \/ M3.5 \/ M4.0 \/ M4.5 \/ M5.0Flathead tamanho: 1,0 \/ 1.5 \/ 2.0 \/ 2.5 \/ 3.0 \/ 3.5 \/ 4.0Hex tamanho do driver: H0.9 \/ H1.3 \/ H1.5 \/ H2.0 \/ H2.5 \/ H3.0 \/ H3.5 \/ H4.0 \/ H4.5 \/ H5.0 \/ H6.0Torx e tamanho da chave de fenda da seguran\u00e7a : Tamanho T2 \/ T3 \/ T4 \/ T5 \/ T6 \/ T7 \/ T8 \/ T9 \/ T10 \/ T15 \/ T20Triangle: tamanho 2.3Phillips: 1.0 \/ 1.5 \/ 2.0 \/ 2.5 \/ 3.5 \/ J000 \/ J00 \/ J0 \/ J1Tri- Ponto size: Y0.8 \/ Y2.0 \/ Y3.0Pentalobe tamanho: 0,8 \/ 1,2 \/ 1,5 \/ 2.0Square size: SQ0 \/ SQ1 \/ SQ2Spanner: 2.6Note: por favor confirme o modelo que voc\u00ea precisa antes buying.0.3840 Pacote peso: 0,429 kgPackage Tamanho ( L x W x H ): 10,00 x 20,50 x 2,50 cm \/ 3,94 x 8,07 x 0,98 inchesPackage Conte\u00fado: 1 x Chave de fenda Definir , 1 x BoxProduct Seguran\u00e7a Disclaimer : N\u00f3s n\u00e3o aceitamos qualquer responsabilidade ou responsabilidade para mau uso deste ou de qualquer outro produto. Todos os nossos produtos s\u00e3o extensivamente testados para cumprir com rigorosos e estritos padr\u00f5es de QC qualidade.<\/p>\n","protected":false},"excerpt":{"rendered":"<p>Descri\u00e7\u00e3o: 61 em 1 conjunto de ferramentas chave de fenda, um kit de ferramentas de&#8230;<\/p>\n","protected":false},"featured_media":1908,"comment_status":"closed","ping_status":"closed","template":"","meta":{"_acf_changed":false},"class_list":["post-1405","product","type-product","status-publish","has-post-thumbnail","hentry","product_cat-ferramentas","pa_cores-prata"],"acf":[],"_links":{"self":[{"href":"https:\/\/host86.com.br\/clientes20\/kingo\/wp-json\/wp\/v2\/product\/1405","targetHints":{"allow":["GET"]}}],"collection":[{"href":"https:\/\/host86.com.br\/clientes20\/kingo\/wp-json\/wp\/v2\/product"}],"about":[{"href":"https:\/\/host86.com.br\/clientes20\/kingo\/wp-json\/wp\/v2\/types\/product"}],"replies":[{"embeddable":true,"href":"https:\/\/host86.com.br\/clientes20\/kingo\/wp-json\/wp\/v2\/comments?post=1405"}],"wp:featuredmedia":[{"embeddable":true,"href":"https:\/\/host86.com.br\/clientes20\/kingo\/wp-json\/wp\/v2\/media\/1908"}],"wp:attachment":[{"href":"https:\/\/host86.com.br\/clientes20\/kingo\/wp-json\/wp\/v2\/media?parent=1405"}],"curies":[{"name":"wp","href":"https:\/\/api.w.org\/{rel}","templated":true}]}}