{"id":1396,"date":"2020-03-27T15:59:10","date_gmt":"2020-03-27T18:59:10","guid":{"rendered":"http:\/\/localhost\/kingo\/produto\/caixa-de-som-com-bluetooth-kg-380\/"},"modified":"2020-04-01T13:27:33","modified_gmt":"2020-04-01T16:27:33","slug":"caixa-de-som-com-bluetooth-kg-380","status":"publish","type":"product","link":"https:\/\/host86.com.br\/clientes20\/kingo\/produto\/caixa-de-som-com-bluetooth-kg-380\/","title":{"rendered":"Caixa de Som com Bluetooth (KG-380)"},"content":{"rendered":"<p>Som Est\u00e9reo; R\u00e1dio FM; Fun\u00e7\u00e3o Alarme; Atender \/ Receber liga\u00e7\u00f5es; Entrada para cart\u00e3o Micro SD; Entrada para cabo auxiliar P2; Caracter\u00edsticas: Vers\u00e3o: V5.0; Entrada para cart\u00e3o: cart\u00e3o TF; Entrada para carregamento Micro USB: Max 5V &#8211; 1\u00aa; Bateria: L\u00edtio de 2000mAh<\/p>\n","protected":false},"excerpt":{"rendered":"<p>Som Est\u00e9reo; R\u00e1dio FM; Fun\u00e7\u00e3o Alarme; Atender \/ Receber liga\u00e7\u00f5es; Entrada para cart\u00e3o Micro SD;&#8230;<\/p>\n","protected":false},"featured_media":1845,"comment_status":"closed","ping_status":"closed","template":"","meta":{"_acf_changed":false},"class_list":["post-1396","product","type-product","status-publish","has-post-thumbnail","hentry","product_cat-caixas-de-som","pa_cores-prata"],"acf":[],"_links":{"self":[{"href":"https:\/\/host86.com.br\/clientes20\/kingo\/wp-json\/wp\/v2\/product\/1396","targetHints":{"allow":["GET"]}}],"collection":[{"href":"https:\/\/host86.com.br\/clientes20\/kingo\/wp-json\/wp\/v2\/product"}],"about":[{"href":"https:\/\/host86.com.br\/clientes20\/kingo\/wp-json\/wp\/v2\/types\/product"}],"replies":[{"embeddable":true,"href":"https:\/\/host86.com.br\/clientes20\/kingo\/wp-json\/wp\/v2\/comments?post=1396"}],"wp:featuredmedia":[{"embeddable":true,"href":"https:\/\/host86.com.br\/clientes20\/kingo\/wp-json\/wp\/v2\/media\/1845"}],"wp:attachment":[{"href":"https:\/\/host86.com.br\/clientes20\/kingo\/wp-json\/wp\/v2\/media?parent=1396"}],"curies":[{"name":"wp","href":"https:\/\/api.w.org\/{rel}","templated":true}]}}