{"id":1390,"date":"2020-03-27T15:58:59","date_gmt":"2020-03-27T18:58:59","guid":{"rendered":"http:\/\/localhost\/kingo\/produto\/caixa-de-som-com-bluetooth-microfone\/"},"modified":"2020-04-01T12:26:56","modified_gmt":"2020-04-01T15:26:56","slug":"caixa-de-som-com-bluetooth-microfone","status":"publish","type":"product","link":"https:\/\/host86.com.br\/clientes20\/kingo\/produto\/caixa-de-som-com-bluetooth-microfone\/","title":{"rendered":"Caixa de Som com Bluetooth + Microfone"},"content":{"rendered":"<p>Entrada para: Pen Drive; Cart\u00e3o de Mem\u00f3ria; R\u00e1dio FM; Karaoke; Vers\u00e3o: V5.0; Pot\u00eancia: 48W; Dist\u00e2ncia: 10 m; Dimens\u00f5es: 320 x 125 x 172 mm; Peso: 1.835 g; Tempo de M\u00fasica: 4 horas (50% do volume m\u00e1ximo); Bateria: 400mAh \/ Caixa de Som: 2000mAh \/ Microfone; Conte\u00fado: Caixa de Som, microfone, manual, cabo micro USB, cabo auxiliar; AVISO: Somente carregar com o USB do computador ou um carregador equivalente no m\u00e1ximo 800mAh.<\/p>\n","protected":false},"excerpt":{"rendered":"<p>Entrada para: Pen Drive; Cart\u00e3o de Mem\u00f3ria; R\u00e1dio FM; Karaoke; Vers\u00e3o: V5.0; Pot\u00eancia: 48W; Dist\u00e2ncia:&#8230;<\/p>\n","protected":false},"featured_media":1848,"comment_status":"closed","ping_status":"closed","template":"","meta":{"_acf_changed":false},"class_list":["post-1390","product","type-product","status-publish","has-post-thumbnail","hentry","product_cat-caixas-de-som","pa_cores-preto-com-vermelho"],"acf":[],"_links":{"self":[{"href":"https:\/\/host86.com.br\/clientes20\/kingo\/wp-json\/wp\/v2\/product\/1390","targetHints":{"allow":["GET"]}}],"collection":[{"href":"https:\/\/host86.com.br\/clientes20\/kingo\/wp-json\/wp\/v2\/product"}],"about":[{"href":"https:\/\/host86.com.br\/clientes20\/kingo\/wp-json\/wp\/v2\/types\/product"}],"replies":[{"embeddable":true,"href":"https:\/\/host86.com.br\/clientes20\/kingo\/wp-json\/wp\/v2\/comments?post=1390"}],"wp:featuredmedia":[{"embeddable":true,"href":"https:\/\/host86.com.br\/clientes20\/kingo\/wp-json\/wp\/v2\/media\/1848"}],"wp:attachment":[{"href":"https:\/\/host86.com.br\/clientes20\/kingo\/wp-json\/wp\/v2\/media?parent=1390"}],"curies":[{"name":"wp","href":"https:\/\/api.w.org\/{rel}","templated":true}]}}