{"id":1383,"date":"2020-03-27T15:58:59","date_gmt":"2020-03-27T18:58:59","guid":{"rendered":"http:\/\/localhost\/kingo\/produto\/fone-de-ouvido-esportivo-com-bluetooth-yd-01\/"},"modified":"2020-03-27T15:59:03","modified_gmt":"2020-03-27T18:59:03","slug":"fone-de-ouvido-esportivo-com-bluetooth-yd-01","status":"publish","type":"product","link":"https:\/\/host86.com.br\/clientes20\/kingo\/produto\/fone-de-ouvido-esportivo-com-bluetooth-yd-01\/","title":{"rendered":"Fone de Ouvido Esportivo com Bluetooth (YD-01)"},"content":{"rendered":"<p>Especifica\u00e7\u00f5es: Vers\u00e3o: V4.0 + EDR; Suporta: A2DP; Frequ\u00eancia: 2.4 GHz<br \/>\nDist\u00e2ncia: 10m; Tempo de Conversa: 12 horas; Tempo de Espera: 240 horas<\/p>\n","protected":false},"excerpt":{"rendered":"<p>Especifica\u00e7\u00f5es: Vers\u00e3o: V4.0 + EDR; Suporta: A2DP; Frequ\u00eancia: 2.4 GHz Dist\u00e2ncia: 10m; Tempo de Conversa:&#8230;<\/p>\n","protected":false},"featured_media":0,"comment_status":"closed","ping_status":"open","template":"","meta":{"_acf_changed":false},"class_list":["post-1383","product","type-product","status-publish","hentry","product_cat-fone-bluetooth","product_cat-fones","pa_cores-preto"],"acf":[],"_links":{"self":[{"href":"https:\/\/host86.com.br\/clientes20\/kingo\/wp-json\/wp\/v2\/product\/1383","targetHints":{"allow":["GET"]}}],"collection":[{"href":"https:\/\/host86.com.br\/clientes20\/kingo\/wp-json\/wp\/v2\/product"}],"about":[{"href":"https:\/\/host86.com.br\/clientes20\/kingo\/wp-json\/wp\/v2\/types\/product"}],"replies":[{"embeddable":true,"href":"https:\/\/host86.com.br\/clientes20\/kingo\/wp-json\/wp\/v2\/comments?post=1383"}],"wp:attachment":[{"href":"https:\/\/host86.com.br\/clientes20\/kingo\/wp-json\/wp\/v2\/media?parent=1383"}],"curies":[{"name":"wp","href":"https:\/\/api.w.org\/{rel}","templated":true}]}}