{"id":1377,"date":"2020-03-27T15:58:59","date_gmt":"2020-03-27T18:58:59","guid":{"rendered":"http:\/\/localhost\/kingo\/produto\/fone-de-ouvido-para-galaxy-s6\/"},"modified":"2020-03-27T15:59:01","modified_gmt":"2020-03-27T18:59:01","slug":"fone-de-ouvido-para-galaxy-s6","status":"publish","type":"product","link":"https:\/\/host86.com.br\/clientes20\/kingo\/produto\/fone-de-ouvido-para-galaxy-s6\/","title":{"rendered":"Fone de Ouvido para Galaxy S6"},"content":{"rendered":"<p>Proporciona uma \u00f3tima qualidade de \u00e1udio, em graves e agudos, alem \u00e9 claro de possuir uma \u00f3tima ergonomia, sin\u00f4nimo de conforto ao utilizar o fone Samsung. Voc\u00ea poder\u00e1 ouvir diretamente suas musicas, radio FM, atender o celular, pois vem com microfone embutido e controle de volume; Especifica\u00e7\u00f5es: Compatibilidade: toda linha Galaxy, Tablets Samsung; Sensibilidade:96db; Imped\u00e2ncia: 32Ohms; Frequ\u00eancia: 20-20kHz; Comprimento: 1.2m; Cor: Preto, Branco; Conte\u00fado da Embalagem: 1 Fone de Ouvido; Informa\u00e7\u00f5es adicionais: Atender\/encerrar chamada; Recusar chamada; Chamada em espera; Alterne entre chamadas e m\u00fasicas; Controle de volume<\/p>\n","protected":false},"excerpt":{"rendered":"<p>Proporciona uma \u00f3tima qualidade de \u00e1udio, em graves e agudos, alem \u00e9 claro de possuir&#8230;<\/p>\n","protected":false},"featured_media":0,"comment_status":"closed","ping_status":"open","template":"","meta":{"_acf_changed":false},"class_list":["post-1377","product","type-product","status-publish","hentry","product_cat-fone-com-fio-p2-fones","product_cat-fones","pa_cores-branco","pa_cores-preto"],"acf":[],"_links":{"self":[{"href":"https:\/\/host86.com.br\/clientes20\/kingo\/wp-json\/wp\/v2\/product\/1377","targetHints":{"allow":["GET"]}}],"collection":[{"href":"https:\/\/host86.com.br\/clientes20\/kingo\/wp-json\/wp\/v2\/product"}],"about":[{"href":"https:\/\/host86.com.br\/clientes20\/kingo\/wp-json\/wp\/v2\/types\/product"}],"replies":[{"embeddable":true,"href":"https:\/\/host86.com.br\/clientes20\/kingo\/wp-json\/wp\/v2\/comments?post=1377"}],"wp:attachment":[{"href":"https:\/\/host86.com.br\/clientes20\/kingo\/wp-json\/wp\/v2\/media?parent=1377"}],"curies":[{"name":"wp","href":"https:\/\/api.w.org\/{rel}","templated":true}]}}