{"id":1354,"date":"2020-03-27T15:58:46","date_gmt":"2020-03-27T18:58:46","guid":{"rendered":"http:\/\/localhost\/kingo\/produto\/fone-de-ouvido-gamer-f01\/"},"modified":"2020-03-27T15:58:47","modified_gmt":"2020-03-27T18:58:47","slug":"fone-de-ouvido-gamer-f01","status":"publish","type":"product","link":"https:\/\/host86.com.br\/clientes20\/kingo\/produto\/fone-de-ouvido-gamer-f01\/","title":{"rendered":"Fone de Ouvido Gamer (F01)"},"content":{"rendered":"<p>Especifica\u00e7\u00f5es do Produto: Fone com luz LED e vibra\u00e7\u00e3o; Fone com controle de vibra\u00e7\u00e3o e controle de volume; Microfone retr\u00e1til; Sistema surround virtual 7.1; Especifica\u00e7\u00f5es do Alto Falante: Di\u00e2metro: \u03a6 50mm; Sensibilidade: 120dB; Imped\u00e2ncia: 32\u03a9; Resposta de Frequ\u00eancia: 20Hz &#8211; 20KHz; Comprimento do fio: 2,2 \u00b1 0,3 m; Especifica\u00e7\u00f5es do Microfone: Dimens\u00f5es do microfone: \u03a6 6 x 5mm; Sensibilidade: 58dB \u00b1 3dB; Diretividade: Omnidirecional; Imped\u00e2ncia: 2,2K\u03a9<\/p>\n","protected":false},"excerpt":{"rendered":"<p>Especifica\u00e7\u00f5es do Produto: Fone com luz LED e vibra\u00e7\u00e3o; Fone com controle de vibra\u00e7\u00e3o e&#8230;<\/p>\n","protected":false},"featured_media":0,"comment_status":"closed","ping_status":"open","template":"","meta":{"_acf_changed":false},"class_list":["post-1354","product","type-product","status-publish","hentry","product_cat-fone-com-fio-p2","product_cat-fone-com-fio-p2-fones","product_cat-fones","product_cat-gamer-informatica","product_cat-gamer-fones","product_cat-informatica","pa_cores-preto"],"acf":[],"_links":{"self":[{"href":"https:\/\/host86.com.br\/clientes20\/kingo\/wp-json\/wp\/v2\/product\/1354","targetHints":{"allow":["GET"]}}],"collection":[{"href":"https:\/\/host86.com.br\/clientes20\/kingo\/wp-json\/wp\/v2\/product"}],"about":[{"href":"https:\/\/host86.com.br\/clientes20\/kingo\/wp-json\/wp\/v2\/types\/product"}],"replies":[{"embeddable":true,"href":"https:\/\/host86.com.br\/clientes20\/kingo\/wp-json\/wp\/v2\/comments?post=1354"}],"wp:attachment":[{"href":"https:\/\/host86.com.br\/clientes20\/kingo\/wp-json\/wp\/v2\/media?parent=1354"}],"curies":[{"name":"wp","href":"https:\/\/api.w.org\/{rel}","templated":true}]}}