{"id":1343,"date":"2020-03-27T15:58:34","date_gmt":"2020-03-27T18:58:34","guid":{"rendered":"http:\/\/localhost\/kingo\/produto\/suporte-veicular-para-celular\/"},"modified":"2020-03-27T15:58:40","modified_gmt":"2020-03-27T18:58:40","slug":"suporte-veicular-para-celular","status":"publish","type":"product","link":"https:\/\/host86.com.br\/clientes20\/kingo\/produto\/suporte-veicular-para-celular\/","title":{"rendered":"Suporte Veicular para Celular"},"content":{"rendered":"<p>Suporte Universal KinGo para Carro, compat\u00edvel com Celular, GPS ou PDA. O equipamento conta com uma ventosa de forte fixa\u00e7\u00e3o, que garante total seguran\u00e7a. Possui tamb\u00e9m com bra\u00e7o male\u00e1vel com giro de 360\u00b0, abertura da boca at\u00e9 112mm. Estilo grampo, com refor\u00e7os nas extremidades<\/p>\n","protected":false},"excerpt":{"rendered":"<p>Suporte Universal KinGo para Carro, compat\u00edvel com Celular, GPS ou PDA. O equipamento conta com&#8230;<\/p>\n","protected":false},"featured_media":0,"comment_status":"closed","ping_status":"open","template":"","meta":{"_acf_changed":false},"class_list":["post-1343","product","type-product","status-publish","hentry","product_cat-suporte","pa_cores-preto"],"acf":[],"_links":{"self":[{"href":"https:\/\/host86.com.br\/clientes20\/kingo\/wp-json\/wp\/v2\/product\/1343","targetHints":{"allow":["GET"]}}],"collection":[{"href":"https:\/\/host86.com.br\/clientes20\/kingo\/wp-json\/wp\/v2\/product"}],"about":[{"href":"https:\/\/host86.com.br\/clientes20\/kingo\/wp-json\/wp\/v2\/types\/product"}],"replies":[{"embeddable":true,"href":"https:\/\/host86.com.br\/clientes20\/kingo\/wp-json\/wp\/v2\/comments?post=1343"}],"wp:attachment":[{"href":"https:\/\/host86.com.br\/clientes20\/kingo\/wp-json\/wp\/v2\/media?parent=1343"}],"curies":[{"name":"wp","href":"https:\/\/api.w.org\/{rel}","templated":true}]}}