{"id":1340,"date":"2020-03-27T15:58:34","date_gmt":"2020-03-27T18:58:34","guid":{"rendered":"http:\/\/localhost\/kingo\/produto\/suporte-veicular-flexivel-kg-05\/"},"modified":"2020-03-27T15:58:39","modified_gmt":"2020-03-27T18:58:39","slug":"suporte-veicular-flexivel-kg-05","status":"publish","type":"product","link":"https:\/\/host86.com.br\/clientes20\/kingo\/produto\/suporte-veicular-flexivel-kg-05\/","title":{"rendered":"Suporte Veicular Flex\u00edvel (KG-05)"},"content":{"rendered":"<p>Caracter\u00edsticas: Trava e Destrava o dispositivo com apenas um dedo; A fixa\u00e7\u00e3o \u00e9 feita por uma ventosa de silicone altamente aderente, que pode ser colocada tanto no vidro, quanto no painel; Ajuste com rota\u00e7\u00e3o 360\u00ba para visualizar em retrato ou paisagem; O bra\u00e7o telesc\u00f3pico permite uma visualiza\u00e7\u00e3o mais pr\u00f3ximo do dispositivo; Duas travas de ajustes possibilitam que o usu\u00e1rio customize o posicionamento da menira que desejar, deixando o suporte na posi\u00e7\u00e3o mais confort\u00e1vel.<\/p>\n","protected":false},"excerpt":{"rendered":"<p>Caracter\u00edsticas: Trava e Destrava o dispositivo com apenas um dedo; A fixa\u00e7\u00e3o \u00e9 feita por&#8230;<\/p>\n","protected":false},"featured_media":0,"comment_status":"closed","ping_status":"open","template":"","meta":{"_acf_changed":false},"class_list":["post-1340","product","type-product","status-publish","hentry","product_cat-suporte","pa_cores-preto"],"acf":[],"_links":{"self":[{"href":"https:\/\/host86.com.br\/clientes20\/kingo\/wp-json\/wp\/v2\/product\/1340","targetHints":{"allow":["GET"]}}],"collection":[{"href":"https:\/\/host86.com.br\/clientes20\/kingo\/wp-json\/wp\/v2\/product"}],"about":[{"href":"https:\/\/host86.com.br\/clientes20\/kingo\/wp-json\/wp\/v2\/types\/product"}],"replies":[{"embeddable":true,"href":"https:\/\/host86.com.br\/clientes20\/kingo\/wp-json\/wp\/v2\/comments?post=1340"}],"wp:attachment":[{"href":"https:\/\/host86.com.br\/clientes20\/kingo\/wp-json\/wp\/v2\/media?parent=1340"}],"curies":[{"name":"wp","href":"https:\/\/api.w.org\/{rel}","templated":true}]}}