{"id":1335,"date":"2020-03-27T15:58:34","date_gmt":"2020-03-27T18:58:34","guid":{"rendered":"http:\/\/localhost\/kingo\/produto\/suporte-magnetico-veicular-quadrado\/"},"modified":"2020-03-27T15:58:36","modified_gmt":"2020-03-27T18:58:36","slug":"suporte-magnetico-veicular-quadrado","status":"publish","type":"product","link":"https:\/\/host86.com.br\/clientes20\/kingo\/produto\/suporte-magnetico-veicular-quadrado\/","title":{"rendered":"Suporte Magn\u00e9tico Veicular Quadrado"},"content":{"rendered":"<p>Este suporte \u00e9 ideal para fixar o smartphone na sa\u00edda de ar do veiculo para utiliza\u00e7\u00e3o dos aplicativos de navega\u00e7\u00e3o. Para instalar, basta colar a placa met\u00e1lica na capa ou no smartphone e o mesmo estar\u00e1 pronto para utilizar.<\/p>\n","protected":false},"excerpt":{"rendered":"<p>Este suporte \u00e9 ideal para fixar o smartphone na sa\u00edda de ar do veiculo para&#8230;<\/p>\n","protected":false},"featured_media":0,"comment_status":"closed","ping_status":"open","template":"","meta":{"_acf_changed":false},"class_list":["post-1335","product","type-product","status-publish","hentry","product_cat-suporte","pa_cores-preto"],"acf":[],"_links":{"self":[{"href":"https:\/\/host86.com.br\/clientes20\/kingo\/wp-json\/wp\/v2\/product\/1335","targetHints":{"allow":["GET"]}}],"collection":[{"href":"https:\/\/host86.com.br\/clientes20\/kingo\/wp-json\/wp\/v2\/product"}],"about":[{"href":"https:\/\/host86.com.br\/clientes20\/kingo\/wp-json\/wp\/v2\/types\/product"}],"replies":[{"embeddable":true,"href":"https:\/\/host86.com.br\/clientes20\/kingo\/wp-json\/wp\/v2\/comments?post=1335"}],"wp:attachment":[{"href":"https:\/\/host86.com.br\/clientes20\/kingo\/wp-json\/wp\/v2\/media?parent=1335"}],"curies":[{"name":"wp","href":"https:\/\/api.w.org\/{rel}","templated":true}]}}