{"id":1334,"date":"2020-03-27T15:58:34","date_gmt":"2020-03-27T18:58:34","guid":{"rendered":"http:\/\/localhost\/kingo\/produto\/suporte-para-tablet-kg-301\/"},"modified":"2020-03-27T15:58:36","modified_gmt":"2020-03-27T18:58:36","slug":"suporte-para-tablet-kg-301","status":"publish","type":"product","link":"https:\/\/host86.com.br\/clientes20\/kingo\/produto\/suporte-para-tablet-kg-301\/","title":{"rendered":"Suporte para Tablet (KG-301)"},"content":{"rendered":"<p>F\u00e1cil montagem com rota\u00e7\u00e3o de 360\u00ba que pode ser fixado verticalmente ou horizontalmente; O clip \u00e9 ajust\u00e1vel e funciona com a maioria dos tablets do mercado; Material: Pl\u00e1stico.<\/p>\n","protected":false},"excerpt":{"rendered":"<p>F\u00e1cil montagem com rota\u00e7\u00e3o de 360\u00ba que pode ser fixado verticalmente ou horizontalmente; O clip&#8230;<\/p>\n","protected":false},"featured_media":0,"comment_status":"closed","ping_status":"open","template":"","meta":{"_acf_changed":false},"class_list":["post-1334","product","type-product","status-publish","hentry","product_cat-suporte","pa_cores-preto"],"acf":[],"_links":{"self":[{"href":"https:\/\/host86.com.br\/clientes20\/kingo\/wp-json\/wp\/v2\/product\/1334","targetHints":{"allow":["GET"]}}],"collection":[{"href":"https:\/\/host86.com.br\/clientes20\/kingo\/wp-json\/wp\/v2\/product"}],"about":[{"href":"https:\/\/host86.com.br\/clientes20\/kingo\/wp-json\/wp\/v2\/types\/product"}],"replies":[{"embeddable":true,"href":"https:\/\/host86.com.br\/clientes20\/kingo\/wp-json\/wp\/v2\/comments?post=1334"}],"wp:attachment":[{"href":"https:\/\/host86.com.br\/clientes20\/kingo\/wp-json\/wp\/v2\/media?parent=1334"}],"curies":[{"name":"wp","href":"https:\/\/api.w.org\/{rel}","templated":true}]}}