{"id":1310,"date":"2020-03-27T15:58:10","date_gmt":"2020-03-27T18:58:10","guid":{"rendered":"http:\/\/localhost\/kingo\/produto\/cabo-de-dados-2-metros\/"},"modified":"2020-03-27T15:58:19","modified_gmt":"2020-03-27T18:58:19","slug":"cabo-de-dados-2-metros","status":"publish","type":"product","link":"https:\/\/host86.com.br\/clientes20\/kingo\/produto\/cabo-de-dados-2-metros\/","title":{"rendered":"Cabo de Dados (2 Metros)"},"content":{"rendered":"<p>Use este cabo USB 2.0 para conectar seu iPhone, iPad ou iPod com conector Lightning \u00e0 porta USB do seu computador. Com ele voc\u00ea sincroniza o dispositivo e carrega a bateria.  Caracter\u00edsticas: Marca: KinGo.  Compatibilidade: iPhone 5 \/ 5c \/ 5s; iPhone 6 \/ 6s Plus; iPhone 7 \/ 7 Plus; iPhone 8 \/ 8 Plus.  Especifica\u00e7\u00f5es: Comprimento: 2 metros; Sa\u00edda: at\u00e9 2A; Peso: l\u00edquido: 28g ; Cor: Branco.  Conte\u00fado da embalagem: 1 Cabo de dados.<\/p>\n","protected":false},"excerpt":{"rendered":"<p>Use este cabo USB 2.0 para conectar seu iPhone, iPad ou iPod com conector Lightning&#8230;<\/p>\n","protected":false},"featured_media":0,"comment_status":"closed","ping_status":"open","template":"","meta":{"_acf_changed":false},"class_list":["post-1310","product","type-product","status-publish","hentry","product_cat-cabo-de-dados-cabos","product_cat-cabos","pa_cores-branco","pa_modelo-ihpone-8"],"acf":[],"_links":{"self":[{"href":"https:\/\/host86.com.br\/clientes20\/kingo\/wp-json\/wp\/v2\/product\/1310","targetHints":{"allow":["GET"]}}],"collection":[{"href":"https:\/\/host86.com.br\/clientes20\/kingo\/wp-json\/wp\/v2\/product"}],"about":[{"href":"https:\/\/host86.com.br\/clientes20\/kingo\/wp-json\/wp\/v2\/types\/product"}],"replies":[{"embeddable":true,"href":"https:\/\/host86.com.br\/clientes20\/kingo\/wp-json\/wp\/v2\/comments?post=1310"}],"wp:attachment":[{"href":"https:\/\/host86.com.br\/clientes20\/kingo\/wp-json\/wp\/v2\/media?parent=1310"}],"curies":[{"name":"wp","href":"https:\/\/api.w.org\/{rel}","templated":true}]}}