{"id":1305,"date":"2020-03-27T15:58:10","date_gmt":"2020-03-27T18:58:10","guid":{"rendered":"http:\/\/localhost\/kingo\/produto\/cabo-magnetico\/"},"modified":"2020-03-27T15:58:17","modified_gmt":"2020-03-27T18:58:17","slug":"cabo-magnetico","status":"publish","type":"product","link":"https:\/\/host86.com.br\/clientes20\/kingo\/produto\/cabo-magnetico\/","title":{"rendered":"Cabo Magn\u00e9tico"},"content":{"rendered":"<p>Descri\u00e7\u00e3o: A terceira gera\u00e7\u00e3o de cabo magn\u00e9tico inteligente.  A maneira de misturar o metal com o im\u00e3 \u00e9 certamente um avan\u00e7o global. Nosso cabo inteligente usa o im\u00e2 americano de Nd-Fe-B como o material, adotando a tecnologia mais avan\u00e7ada.  Voc\u00ea pode se conectar e carregar rapidamente, com a transfer\u00eancia de corrente m\u00e1xima de 2400mAh com o plug de carregamento 2.4A.<\/p>\n","protected":false},"excerpt":{"rendered":"<p>Descri\u00e7\u00e3o: A terceira gera\u00e7\u00e3o de cabo magn\u00e9tico inteligente. A maneira de misturar o metal com&#8230;<\/p>\n","protected":false},"featured_media":0,"comment_status":"closed","ping_status":"open","template":"","meta":{"_acf_changed":false},"class_list":["post-1305","product","type-product","status-publish","hentry","product_cat-cabo-de-dados-cabos","product_cat-cabos","pa_cores-prata","pa_modelo-iphone-8"],"acf":[],"_links":{"self":[{"href":"https:\/\/host86.com.br\/clientes20\/kingo\/wp-json\/wp\/v2\/product\/1305","targetHints":{"allow":["GET"]}}],"collection":[{"href":"https:\/\/host86.com.br\/clientes20\/kingo\/wp-json\/wp\/v2\/product"}],"about":[{"href":"https:\/\/host86.com.br\/clientes20\/kingo\/wp-json\/wp\/v2\/types\/product"}],"replies":[{"embeddable":true,"href":"https:\/\/host86.com.br\/clientes20\/kingo\/wp-json\/wp\/v2\/comments?post=1305"}],"wp:attachment":[{"href":"https:\/\/host86.com.br\/clientes20\/kingo\/wp-json\/wp\/v2\/media?parent=1305"}],"curies":[{"name":"wp","href":"https:\/\/api.w.org\/{rel}","templated":true}]}}