{"id":1304,"date":"2020-03-27T15:58:10","date_gmt":"2020-03-27T18:58:10","guid":{"rendered":"http:\/\/localhost\/kingo\/produto\/cabo-usb-3-0-type-c-3-1\/"},"modified":"2020-03-27T15:58:16","modified_gmt":"2020-03-27T18:58:16","slug":"cabo-usb-3-0-type-c-3-1","status":"publish","type":"product","link":"https:\/\/host86.com.br\/clientes20\/kingo\/produto\/cabo-usb-3-0-type-c-3-1\/","title":{"rendered":"Cabo USB 3.0 Type-C 3.1"},"content":{"rendered":"<p>Conector do tipo C \u00e9 o novo design para USB 3.1.  Cabo USB 3.0 Type -C 3.1 Cabo de Carregamento de Dados.  USB 3.1 Tipo C Macho Connector para USB 3.0.  Caracter\u00edsticas: Comprimento: 1 metro; Conector do tipo C \u00e9 o novo design para USB 3.1; Projeto revers\u00edvel para conector tipo C; Para Tablet e Mobile, Phone e Macbook.<\/p>\n","protected":false},"excerpt":{"rendered":"<p>Conector do tipo C \u00e9 o novo design para USB 3.1. Cabo USB 3.0 Type&#8230;<\/p>\n","protected":false},"featured_media":0,"comment_status":"closed","ping_status":"open","template":"","meta":{"_acf_changed":false},"class_list":["post-1304","product","type-product","status-publish","hentry","product_cat-cabo-de-dados-cabos","product_cat-cabos","pa_cores-branco","pa_modelo-type-c"],"acf":[],"_links":{"self":[{"href":"https:\/\/host86.com.br\/clientes20\/kingo\/wp-json\/wp\/v2\/product\/1304","targetHints":{"allow":["GET"]}}],"collection":[{"href":"https:\/\/host86.com.br\/clientes20\/kingo\/wp-json\/wp\/v2\/product"}],"about":[{"href":"https:\/\/host86.com.br\/clientes20\/kingo\/wp-json\/wp\/v2\/types\/product"}],"replies":[{"embeddable":true,"href":"https:\/\/host86.com.br\/clientes20\/kingo\/wp-json\/wp\/v2\/comments?post=1304"}],"wp:attachment":[{"href":"https:\/\/host86.com.br\/clientes20\/kingo\/wp-json\/wp\/v2\/media?parent=1304"}],"curies":[{"name":"wp","href":"https:\/\/api.w.org\/{rel}","templated":true}]}}