{"id":1255,"date":"2020-03-27T15:57:48","date_gmt":"2020-03-27T18:57:48","guid":{"rendered":"http:\/\/localhost\/kingo\/produto\/carregador-veicular-dual-usb\/"},"modified":"2020-04-01T12:29:40","modified_gmt":"2020-04-01T15:29:40","slug":"carregador-veicular-dual-usb","status":"publish","type":"product","link":"https:\/\/host86.com.br\/clientes20\/kingo\/produto\/carregador-veicular-dual-usb\/","title":{"rendered":"Carregador Veicular Dual USB"},"content":{"rendered":"<p>Converte o acendedor 12V de seu carro em duas conex\u00f5es de alimenta\u00e7\u00e3o USB 5V. Alimenta e recarrega ao mesmo tempo at\u00e9 dois dispositivos m\u00f3veis. Carregue seu Smartphone, tablet, GPS ou outros dispositivos port\u00e1teis com este compacto e eficiente carregador veicular.  Caracter\u00edsticas: Marca kingo.  Especifica\u00e7\u00f5es: Entrada: DC 12V-24V; Sa\u00edda: DC 5V-1A e 5V-2A; Tamanho: 69*23*25mm; Peso l\u00edquido: 24g; Cor: Branco. Conte\u00fado da embalagem: 1 Carregador Veicular.  Informa\u00e7\u00f5es adicionais: Possui duas conex\u00f5es USB 5V; LED indicador de energia \/ atividade; Facilmente removido atrav\u00e9s da al\u00e7a de metal; Alimenta e recarrega simultaneamente 2 dispositivos; Prote\u00e7\u00e3o contra curto-circuito e aquecimento; Alta durabilidade.<\/p>\n","protected":false},"excerpt":{"rendered":"<p>Converte o acendedor 12V de seu carro em duas conex\u00f5es de alimenta\u00e7\u00e3o USB 5V. Alimenta&#8230;<\/p>\n","protected":false},"featured_media":1854,"comment_status":"closed","ping_status":"closed","template":"","meta":{"_acf_changed":false},"class_list":["post-1255","product","type-product","status-publish","has-post-thumbnail","hentry","product_cat-carregador-veicular-carregadores","product_cat-carregadores","pa_cores-branco"],"acf":[],"_links":{"self":[{"href":"https:\/\/host86.com.br\/clientes20\/kingo\/wp-json\/wp\/v2\/product\/1255","targetHints":{"allow":["GET"]}}],"collection":[{"href":"https:\/\/host86.com.br\/clientes20\/kingo\/wp-json\/wp\/v2\/product"}],"about":[{"href":"https:\/\/host86.com.br\/clientes20\/kingo\/wp-json\/wp\/v2\/types\/product"}],"replies":[{"embeddable":true,"href":"https:\/\/host86.com.br\/clientes20\/kingo\/wp-json\/wp\/v2\/comments?post=1255"}],"wp:featuredmedia":[{"embeddable":true,"href":"https:\/\/host86.com.br\/clientes20\/kingo\/wp-json\/wp\/v2\/media\/1854"}],"wp:attachment":[{"href":"https:\/\/host86.com.br\/clientes20\/kingo\/wp-json\/wp\/v2\/media?parent=1255"}],"curies":[{"name":"wp","href":"https:\/\/api.w.org\/{rel}","templated":true}]}}