{"id":1244,"date":"2020-03-27T15:57:40","date_gmt":"2020-03-27T18:57:40","guid":{"rendered":"http:\/\/localhost\/kingo\/produto\/suporte-carregador-para-ps4-kg-219\/"},"modified":"2020-03-27T15:57:44","modified_gmt":"2020-03-27T18:57:44","slug":"suporte-carregador-para-ps4-kg-219","status":"publish","type":"product","link":"https:\/\/host86.com.br\/clientes20\/kingo\/produto\/suporte-carregador-para-ps4-kg-219\/","title":{"rendered":"Suporte Carregador Para PS4 (KG-219)"},"content":{"rendered":"<p>Informa\u00e7\u00f5es: Entrada: DC5V\/1000mA; Sa\u00edda: DC5V\/400mA; Tempo de recarga: um controle= 2 horas, dois controles= 4 horas.; Material: ABS.  Conte\u00fado da Embalagem: 1 Suporte Carregador ; 1 Cabo micro usb.   N\u00e3o inclui a fonte; Recomend\u00e1vel usar um carregador de 2000mAh.<\/p>\n","protected":false},"excerpt":{"rendered":"<p>Informa\u00e7\u00f5es: Entrada: DC5V\/1000mA; Sa\u00edda: DC5V\/400mA; Tempo de recarga: um controle= 2 horas, dois controles= 4&#8230;<\/p>\n","protected":false},"featured_media":0,"comment_status":"closed","ping_status":"open","template":"","meta":{"_acf_changed":false},"class_list":["post-1244","product","type-product","status-publish","hentry","product_cat-carregadores","product_cat-gamer","pa_cores-preto"],"acf":[],"_links":{"self":[{"href":"https:\/\/host86.com.br\/clientes20\/kingo\/wp-json\/wp\/v2\/product\/1244","targetHints":{"allow":["GET"]}}],"collection":[{"href":"https:\/\/host86.com.br\/clientes20\/kingo\/wp-json\/wp\/v2\/product"}],"about":[{"href":"https:\/\/host86.com.br\/clientes20\/kingo\/wp-json\/wp\/v2\/types\/product"}],"replies":[{"embeddable":true,"href":"https:\/\/host86.com.br\/clientes20\/kingo\/wp-json\/wp\/v2\/comments?post=1244"}],"wp:attachment":[{"href":"https:\/\/host86.com.br\/clientes20\/kingo\/wp-json\/wp\/v2\/media?parent=1244"}],"curies":[{"name":"wp","href":"https:\/\/api.w.org\/{rel}","templated":true}]}}