{"id":1243,"date":"2020-03-27T15:57:40","date_gmt":"2020-03-27T18:57:40","guid":{"rendered":"http:\/\/localhost\/kingo\/produto\/carregador-sem-fio-para-smartphone-kg-89\/"},"modified":"2020-03-27T15:57:44","modified_gmt":"2020-03-27T18:57:44","slug":"carregador-sem-fio-para-smartphone-kg-89","status":"publish","type":"product","link":"https:\/\/host86.com.br\/clientes20\/kingo\/produto\/carregador-sem-fio-para-smartphone-kg-89\/","title":{"rendered":"Carregador Sem Fio para Smartphone (KG-89)"},"content":{"rendered":"<p>Informa\u00e7\u00f5es: Compat\u00edvel com 5W \/ 7,5 W\/ 10W.  Peso: 129g; Tamanho: 120mm x 15,4mm; Entrada: 5V\/2A; 9V\/1,67A; Sa\u00edda: 5V\/1A; 5V\/1,5A; 9V\/1,1A; Dist\u00e2ncia de carregamento: de 0 a 5mm; Rendimento: 75%<\/p>\n","protected":false},"excerpt":{"rendered":"<p>Informa\u00e7\u00f5es: Compat\u00edvel com 5W \/ 7,5 W\/ 10W. Peso: 129g; Tamanho: 120mm x 15,4mm; Entrada:&#8230;<\/p>\n","protected":false},"featured_media":0,"comment_status":"closed","ping_status":"open","template":"","meta":{"_acf_changed":false},"class_list":["post-1243","product","type-product","status-publish","hentry","product_cat-carregadores","pa_cores-preto"],"acf":[],"_links":{"self":[{"href":"https:\/\/host86.com.br\/clientes20\/kingo\/wp-json\/wp\/v2\/product\/1243","targetHints":{"allow":["GET"]}}],"collection":[{"href":"https:\/\/host86.com.br\/clientes20\/kingo\/wp-json\/wp\/v2\/product"}],"about":[{"href":"https:\/\/host86.com.br\/clientes20\/kingo\/wp-json\/wp\/v2\/types\/product"}],"replies":[{"embeddable":true,"href":"https:\/\/host86.com.br\/clientes20\/kingo\/wp-json\/wp\/v2\/comments?post=1243"}],"wp:attachment":[{"href":"https:\/\/host86.com.br\/clientes20\/kingo\/wp-json\/wp\/v2\/media?parent=1243"}],"curies":[{"name":"wp","href":"https:\/\/api.w.org\/{rel}","templated":true}]}}