{"id":1239,"date":"2020-03-27T15:57:40","date_gmt":"2020-03-27T18:57:40","guid":{"rendered":"http:\/\/localhost\/kingo\/produto\/adaptador-otg\/"},"modified":"2020-03-27T15:57:43","modified_gmt":"2020-03-27T18:57:43","slug":"adaptador-otg","status":"publish","type":"product","link":"https:\/\/host86.com.br\/clientes20\/kingo\/produto\/adaptador-otg\/","title":{"rendered":"Adaptador OTG"},"content":{"rendered":"<p>Tenha uma porta USB f\u00eamea no seu Smartphone ou Tablet. Conecte teclado, mouse entre outros. Reconhecimento autom\u00e1tico n\u00e3o precisa de driver para funcionar;  Transfira arquivos, fa\u00e7a backups ou reproduza arquivos externos. Compat\u00edvel com Smartphones e Tablets que rodam sistema Android.   Especifica\u00e7\u00f5es: Conector: Micro-USB para USB (F\u00eamea); Compat\u00edvel: USB OTG; Comprimento: 15cm;<br \/>\nSistema Operacional Compat\u00edvel: Android<\/p>\n","protected":false},"excerpt":{"rendered":"<p>Tenha uma porta USB f\u00eamea no seu Smartphone ou Tablet. Conecte teclado, mouse entre outros&#8230;.<\/p>\n","protected":false},"featured_media":0,"comment_status":"closed","ping_status":"open","template":"","meta":{"_acf_changed":false},"class_list":["post-1239","product","type-product","status-publish","hentry","product_cat-adaptador","product_cat-cabo-p2","product_cat-cabo-p2-cabos","product_cat-cabos","pa_cores-preto","pa_modelo-micro-usb"],"acf":[],"_links":{"self":[{"href":"https:\/\/host86.com.br\/clientes20\/kingo\/wp-json\/wp\/v2\/product\/1239","targetHints":{"allow":["GET"]}}],"collection":[{"href":"https:\/\/host86.com.br\/clientes20\/kingo\/wp-json\/wp\/v2\/product"}],"about":[{"href":"https:\/\/host86.com.br\/clientes20\/kingo\/wp-json\/wp\/v2\/types\/product"}],"replies":[{"embeddable":true,"href":"https:\/\/host86.com.br\/clientes20\/kingo\/wp-json\/wp\/v2\/comments?post=1239"}],"wp:attachment":[{"href":"https:\/\/host86.com.br\/clientes20\/kingo\/wp-json\/wp\/v2\/media?parent=1239"}],"curies":[{"name":"wp","href":"https:\/\/api.w.org\/{rel}","templated":true}]}}