{"id":1234,"date":"2020-03-27T15:57:40","date_gmt":"2020-03-27T18:57:40","guid":{"rendered":"http:\/\/localhost\/kingo\/produto\/kit-carregador-de-tomada-quick-charge-3-0-u330-2\/"},"modified":"2020-03-27T15:57:41","modified_gmt":"2020-03-27T18:57:41","slug":"kit-carregador-de-tomada-quick-charge-3-0-u330-2","status":"publish","type":"product","link":"https:\/\/host86.com.br\/clientes20\/kingo\/produto\/kit-carregador-de-tomada-quick-charge-3-0-u330-2\/","title":{"rendered":"Kit Carregador de Tomada Quick Charge 3.0 (U330)"},"content":{"rendered":"<p>Dispon\u00edveis para os Modelos Micro usb e Type C, este Kit tem a fun\u00e7\u00e3o QUICK CHARGE um carregamento r\u00e1pido e eficiente.  O kit acompenha 1 cabo usb e 1 fonte com 1 sa\u00edda.<\/p>\n","protected":false},"excerpt":{"rendered":"<p>Dispon\u00edveis para os Modelos Micro usb e Type C, este Kit tem a fun\u00e7\u00e3o QUICK&#8230;<\/p>\n","protected":false},"featured_media":0,"comment_status":"closed","ping_status":"open","template":"","meta":{"_acf_changed":false},"class_list":["post-1234","product","type-product","status-publish","hentry","product_cat-carregador-de-tomada","product_cat-carregadores","pa_cores-branco","pa_modelo-type-c"],"acf":[],"_links":{"self":[{"href":"https:\/\/host86.com.br\/clientes20\/kingo\/wp-json\/wp\/v2\/product\/1234","targetHints":{"allow":["GET"]}}],"collection":[{"href":"https:\/\/host86.com.br\/clientes20\/kingo\/wp-json\/wp\/v2\/product"}],"about":[{"href":"https:\/\/host86.com.br\/clientes20\/kingo\/wp-json\/wp\/v2\/types\/product"}],"replies":[{"embeddable":true,"href":"https:\/\/host86.com.br\/clientes20\/kingo\/wp-json\/wp\/v2\/comments?post=1234"}],"wp:attachment":[{"href":"https:\/\/host86.com.br\/clientes20\/kingo\/wp-json\/wp\/v2\/media?parent=1234"}],"curies":[{"name":"wp","href":"https:\/\/api.w.org\/{rel}","templated":true}]}}