{"id":1229,"date":"2020-03-27T15:57:31","date_gmt":"2020-03-27T18:57:31","guid":{"rendered":"http:\/\/localhost\/kingo\/produto\/carregador-dual-usb\/"},"modified":"2020-03-27T15:57:38","modified_gmt":"2020-03-27T18:57:38","slug":"carregador-dual-usb","status":"publish","type":"product","link":"https:\/\/host86.com.br\/clientes20\/kingo\/produto\/carregador-dual-usb\/","title":{"rendered":"Carregador Dual USB"},"content":{"rendered":"<p>Carregador de tomada com 2 entradas USB; Tamanho compacto, f\u00e1cil de transportar; Carregar seus dispositivos de forma r\u00e1pida e segura.  Caracter\u00edsticas: Marca Kingo.  Especifica\u00e7\u00f5es: Entrada: AC 110-240V 50-60Hz; Sa\u00edda: DC 5V-1A e 5V-2,1A; Tamanho: 77*60*25mm; Peso l\u00edquido: 70g; Cor: Branco.  Conte\u00fado da embalagem: 1 Carregador Dual USB<\/p>\n","protected":false},"excerpt":{"rendered":"<p>Carregador de tomada com 2 entradas USB; Tamanho compacto, f\u00e1cil de transportar; Carregar seus dispositivos&#8230;<\/p>\n","protected":false},"featured_media":0,"comment_status":"closed","ping_status":"open","template":"","meta":{"_acf_changed":false},"class_list":["post-1229","product","type-product","status-publish","hentry","product_cat-carregador-de-tomada","product_cat-carregadores","pa_cores-branco"],"acf":[],"_links":{"self":[{"href":"https:\/\/host86.com.br\/clientes20\/kingo\/wp-json\/wp\/v2\/product\/1229","targetHints":{"allow":["GET"]}}],"collection":[{"href":"https:\/\/host86.com.br\/clientes20\/kingo\/wp-json\/wp\/v2\/product"}],"about":[{"href":"https:\/\/host86.com.br\/clientes20\/kingo\/wp-json\/wp\/v2\/types\/product"}],"replies":[{"embeddable":true,"href":"https:\/\/host86.com.br\/clientes20\/kingo\/wp-json\/wp\/v2\/comments?post=1229"}],"wp:attachment":[{"href":"https:\/\/host86.com.br\/clientes20\/kingo\/wp-json\/wp\/v2\/media?parent=1229"}],"curies":[{"name":"wp","href":"https:\/\/api.w.org\/{rel}","templated":true}]}}